[INFO] cloning repository https://github.com/RadicalZephyr/rust-tftp
[INFO] running `Command { std: "git" "-c" "credential.helper=" "-c" "credential.helper=/workspace/cargo-home/bin/git-credential-null" "clone" "--bare" "https://github.com/RadicalZephyr/rust-tftp" "/workspace/cache/git-repos/https%3A%2F%2Fgithub.com%2FRadicalZephyr%2Frust-tftp", kill_on_drop: false }`
[INFO] [stderr] Cloning into bare repository '/workspace/cache/git-repos/https%3A%2F%2Fgithub.com%2FRadicalZephyr%2Frust-tftp'...
[INFO] running `Command { std: "git" "rev-parse" "HEAD", kill_on_drop: false }`
[INFO] [stdout] 3dd90b77d742bc6db997e2c702362baefa98419f
[INFO] checking RadicalZephyr/rust-tftp against master#af3c6e733a40e671550e0f0f5aeecaa13772ba56 for pr-74989
[INFO] running `Command { std: "git" "clone" "/workspace/cache/git-repos/https%3A%2F%2Fgithub.com%2FRadicalZephyr%2Frust-tftp" "/workspace/builds/worker-7/source", kill_on_drop: false }`
[INFO] [stderr] Cloning into '/workspace/builds/worker-7/source'...
[INFO] [stderr] done.
[INFO] validating manifest of git repo https://github.com/RadicalZephyr/rust-tftp on toolchain af3c6e733a40e671550e0f0f5aeecaa13772ba56
[INFO] running `Command { std: "/workspace/cargo-home/bin/cargo" "+af3c6e733a40e671550e0f0f5aeecaa13772ba56" "read-manifest" "--manifest-path" "Cargo.toml", kill_on_drop: false }`
[INFO] started tweaking git repo https://github.com/RadicalZephyr/rust-tftp
[INFO] finished tweaking git repo https://github.com/RadicalZephyr/rust-tftp
[INFO] tweaked toml for git repo https://github.com/RadicalZephyr/rust-tftp written to /workspace/builds/worker-7/source/Cargo.toml
[INFO] crate git repo https://github.com/RadicalZephyr/rust-tftp already has a lockfile, it will not be regenerated
[INFO] running `Command { std: "/workspace/cargo-home/bin/cargo" "+af3c6e733a40e671550e0f0f5aeecaa13772ba56" "fetch" "--locked" "--manifest-path" "Cargo.toml", kill_on_drop: false }`
[INFO] running `Command { std: "docker" "create" "-v" "/var/lib/crater-agent-workspace/builds/worker-7/target:/opt/rustwide/target:rw,Z" "-v" "/var/lib/crater-agent-workspace/builds/worker-7/source:/opt/rustwide/workdir:ro,Z" "-v" "/var/lib/crater-agent-workspace/cargo-home:/opt/rustwide/cargo-home:ro,Z" "-v" "/var/lib/crater-agent-workspace/rustup-home:/opt/rustwide/rustup-home:ro,Z" "-e" "SOURCE_DIR=/opt/rustwide/workdir" "-e" "CARGO_TARGET_DIR=/opt/rustwide/target" "-e" "CARGO_HOME=/opt/rustwide/cargo-home" "-e" "RUSTUP_HOME=/opt/rustwide/rustup-home" "-w" "/opt/rustwide/workdir" "-m" "1610612736" "--user" "0:0" "--network" "none" "rustops/crates-build-env@sha256:d92eaeed33fa75130ca1ee6c8a01d1ffb62bac859dfdfb3450e3e5d1c0146529" "/opt/rustwide/cargo-home/bin/cargo" "+af3c6e733a40e671550e0f0f5aeecaa13772ba56" "metadata" "--no-deps" "--format-version=1", kill_on_drop: false }`
[INFO] [stderr] WARNING: Your kernel does not support swap limit capabilities or the cgroup is not mounted. Memory limited without swap.
[INFO] [stdout] 77e57f6853402a2abe2a92829653fc7431dd6e06fc71d8a63f55140723694a1b
[INFO] running `Command { std: "docker" "start" "-a" "77e57f6853402a2abe2a92829653fc7431dd6e06fc71d8a63f55140723694a1b", kill_on_drop: false }`
[INFO] running `Command { std: "docker" "inspect" "77e57f6853402a2abe2a92829653fc7431dd6e06fc71d8a63f55140723694a1b", kill_on_drop: false }`
[INFO] running `Command { std: "docker" "rm" "-f" "77e57f6853402a2abe2a92829653fc7431dd6e06fc71d8a63f55140723694a1b", kill_on_drop: false }`
[INFO] [stdout] 77e57f6853402a2abe2a92829653fc7431dd6e06fc71d8a63f55140723694a1b
[INFO] running `Command { std: "docker" "create" "-v" "/var/lib/crater-agent-workspace/builds/worker-7/target:/opt/rustwide/target:rw,Z" "-v" "/var/lib/crater-agent-workspace/builds/worker-7/source:/opt/rustwide/workdir:ro,Z" "-v" "/var/lib/crater-agent-workspace/cargo-home:/opt/rustwide/cargo-home:ro,Z" "-v" "/var/lib/crater-agent-workspace/rustup-home:/opt/rustwide/rustup-home:ro,Z" "-e" "SOURCE_DIR=/opt/rustwide/workdir" "-e" "CARGO_TARGET_DIR=/opt/rustwide/target" "-e" "CARGO_INCREMENTAL=0" "-e" "RUST_BACKTRACE=full" "-e" "RUSTFLAGS=--cap-lints=forbid" "-e" "CARGO_HOME=/opt/rustwide/cargo-home" "-e" "RUSTUP_HOME=/opt/rustwide/rustup-home" "-w" "/opt/rustwide/workdir" "-m" "1610612736" "--user" "0:0" "--network" "none" "rustops/crates-build-env@sha256:d92eaeed33fa75130ca1ee6c8a01d1ffb62bac859dfdfb3450e3e5d1c0146529" "/opt/rustwide/cargo-home/bin/cargo" "+af3c6e733a40e671550e0f0f5aeecaa13772ba56" "check" "--frozen" "--all" "--all-targets" "--message-format=json", kill_on_drop: false }`
[INFO] [stdout] 4c10be73ae1f8fd1f646e5b61c73d379b0bce2c049555a2078e868b166ff1d59
[INFO] [stderr] WARNING: Your kernel does not support swap limit capabilities or the cgroup is not mounted. Memory limited without swap.
[INFO] running `Command { std: "docker" "start" "-a" "4c10be73ae1f8fd1f646e5b61c73d379b0bce2c049555a2078e868b166ff1d59", kill_on_drop: false }`
[INFO] [stderr]     Checking futures v0.1.24
[INFO] [stderr]    Compiling semver-parser v0.7.0
[INFO] [stderr]     Checking scopeguard v0.3.3
[INFO] [stderr]     Checking stable_deref_trait v1.1.1
[INFO] [stderr]    Compiling proc-macro2 v0.4.20
[INFO] [stderr]    Compiling unicode-xid v0.1.0
[INFO] [stderr]     Checking memoffset v0.2.1
[INFO] [stderr]    Compiling cc v1.0.25
[INFO] [stderr]    Compiling failure_derive v0.1.2
[INFO] [stderr]     Checking rustc-demangle v0.1.9
[INFO] [stderr]    Compiling lazy_static v1.1.0
[INFO] [stderr]     Checking log v0.4.5
[INFO] [stderr]     Checking unreachable v1.0.0
[INFO] [stderr]     Checking net2 v0.2.33
[INFO] [stderr]     Checking bytes v0.4.10
[INFO] [stderr]     Checking owning_ref v0.3.3
[INFO] [stderr]     Checking smallvec v0.6.5
[INFO] [stderr]    Compiling semver v0.9.0
[INFO] [stderr]     Checking lock_api v0.1.4
[INFO] [stderr]     Checking mio v0.6.16
[INFO] [stderr]     Checking crossbeam-epoch v0.5.2
[INFO] [stderr]    Compiling rustc_version v0.2.3
[INFO] [stderr]     Checking crossbeam-deque v0.6.1
[INFO] [stderr]     Checking mio-uds v0.6.7
[INFO] [stderr]    Compiling parking_lot_core v0.3.1
[INFO] [stderr]    Compiling quote v0.6.8
[INFO] [stderr]    Compiling backtrace-sys v0.1.24
[INFO] [stderr]     Checking tokio-executor v0.1.5
[INFO] [stderr]     Checking tokio-io v0.1.9
[INFO] [stderr]    Compiling syn v0.14.9
[INFO] [stderr]     Checking tokio-threadpool v0.1.7
[INFO] [stderr]     Checking tokio-timer v0.2.7
[INFO] [stderr]     Checking tokio-current-thread v0.1.3
[INFO] [stderr]     Checking tokio-codec v0.1.1
[INFO] [stderr]     Checking tokio-async-await v0.1.4
[INFO] [stderr]     Checking parking_lot v0.6.4
[INFO] [stdout] error[E0557]: feature has been removed
[INFO] [stdout]  --> /opt/rustwide/cargo-home/registry/src/github.com-1ecc6299db9ec823/tokio-async-await-0.1.4/src/lib.rs:6:5
[INFO] [stdout]   |
[INFO] [stdout] 6 |     await_macro,
[INFO] [stdout]   |     ^^^^^^^^^^^ feature has been removed
[INFO] [stdout]   |
[INFO] [stdout]   = note: subsumed by `.await` syntax
[INFO] [stdout] 
[INFO] [stdout] 
[INFO] [stdout] error[E0432]: unresolved import `std::task::LocalWaker`
[INFO] [stdout]  --> /opt/rustwide/cargo-home/registry/src/github.com-1ecc6299db9ec823/tokio-async-await-0.1.4/src/compat/forward.rs:7:17
[INFO] [stdout]   |
[INFO] [stdout] 7 | use std::task::{LocalWaker, Poll as StdPoll};
[INFO] [stdout]   |                 ^^^^^^^^^^ no `LocalWaker` in `task`
[INFO] [stdout] 
[INFO] [stdout] 
[INFO] [stdout] error[E0432]: unresolved imports `std::task::LocalWaker`, `std::task::UnsafeWake`
[INFO] [stdout]   --> /opt/rustwide/cargo-home/registry/src/github.com-1ecc6299db9ec823/tokio-async-await-0.1.4/src/compat/backward.rs:9:5
[INFO] [stdout]    |
[INFO] [stdout] 9  |     LocalWaker,
[INFO] [stdout]    |     ^^^^^^^^^^ no `LocalWaker` in `task`
[INFO] [stdout] 10 |     Poll as StdPoll,
[INFO] [stdout] 11 |     UnsafeWake,
[INFO] [stdout]    |     ^^^^^^^^^^ no `UnsafeWake` in `task`
[INFO] [stdout] 
[INFO] [stdout] 
[INFO] [stdout] error[E0432]: unresolved import `std::task::LocalWaker`
[INFO] [stdout]  --> /opt/rustwide/cargo-home/registry/src/github.com-1ecc6299db9ec823/tokio-async-await-0.1.4/src/io/flush.rs:8:17
[INFO] [stdout]   |
[INFO] [stdout] 8 | use std::task::{LocalWaker, Poll};
[INFO] [stdout]   |                 ^^^^^^^^^^ no `LocalWaker` in `task`
[INFO] [stdout] 
[INFO] [stdout] 
[INFO] [stdout] error[E0432]: unresolved import `std::task::LocalWaker`
[INFO] [stdout]  --> /opt/rustwide/cargo-home/registry/src/github.com-1ecc6299db9ec823/tokio-async-await-0.1.4/src/stream/next.rs:6:17
[INFO] [stdout]   |
[INFO] [stdout] 6 | use std::task::{LocalWaker, Poll};
[INFO] [stdout]   |                 ^^^^^^^^^^ no `LocalWaker` in `task`
[INFO] [stdout] 
[INFO] [stdout] 
[INFO] [stdout] error[E0432]: unresolved import `std::await`
[INFO] [stdout]   --> /opt/rustwide/cargo-home/registry/src/github.com-1ecc6299db9ec823/tokio-async-await-0.1.4/src/lib.rs:77:9
[INFO] [stdout]    |
[INFO] [stdout] 77 | pub use std::await as std_await;
[INFO] [stdout]    |         ^^^^^^^^^^^^^^^^^^^^^^^ no `await` in the root
[INFO] [stdout] 
[INFO] [stdout] 
[INFO] [stdout] error[E0412]: cannot find type `LocalWaker` in module `task`
[INFO] [stdout]   --> /opt/rustwide/cargo-home/registry/src/github.com-1ecc6299db9ec823/tokio-async-await-0.1.4/src/io/read.rs:32:51
[INFO] [stdout]    |
[INFO] [stdout] 32 |     fn poll(mut self: Pin<&mut Self>, _lw: &task::LocalWaker) -> Poll<Self::Output> {
[INFO] [stdout]    |                                                   ^^^^^^^^^^ not found in `task`
[INFO] [stdout] 
[INFO] [stdout] 
[INFO] [stdout] error[E0412]: cannot find type `LocalWaker` in module `task`
[INFO] [stdout]   --> /opt/rustwide/cargo-home/registry/src/github.com-1ecc6299db9ec823/tokio-async-await-0.1.4/src/io/read_exact.rs:37:51
[INFO] [stdout]    |
[INFO] [stdout] 37 |     fn poll(mut self: Pin<&mut Self>, _lw: &task::LocalWaker) -> Poll<Self::Output> {
[INFO] [stdout]    |                                                   ^^^^^^^^^^ not found in `task`
[INFO] [stdout] 
[INFO] [stdout] 
[INFO] [stdout] error[E0412]: cannot find type `LocalWaker` in module `task`
[INFO] [stdout]   --> /opt/rustwide/cargo-home/registry/src/github.com-1ecc6299db9ec823/tokio-async-await-0.1.4/src/io/write.rs:32:51
[INFO] [stdout]    |
[INFO] [stdout] 32 |     fn poll(mut self: Pin<&mut Self>, _lw: &task::LocalWaker) -> Poll<io::Result<usize>> {
[INFO] [stdout]    |                                                   ^^^^^^^^^^ not found in `task`
[INFO] [stdout] 
[INFO] [stdout] 
[INFO] [stdout] error[E0412]: cannot find type `LocalWaker` in module `task`
[INFO] [stdout]   --> /opt/rustwide/cargo-home/registry/src/github.com-1ecc6299db9ec823/tokio-async-await-0.1.4/src/io/write_all.rs:37:51
[INFO] [stdout]    |
[INFO] [stdout] 37 |     fn poll(mut self: Pin<&mut Self>, _lw: &task::LocalWaker) -> Poll<io::Result<()>> {
[INFO] [stdout]    |                                                   ^^^^^^^^^^ not found in `task`
[INFO] [stdout] 
[INFO] [stdout] 
[INFO] [stdout] error[E0412]: cannot find type `LocalWaker` in module `task`
[INFO] [stdout]   --> /opt/rustwide/cargo-home/registry/src/github.com-1ecc6299db9ec823/tokio-async-await-0.1.4/src/sink/send.rs:31:51
[INFO] [stdout]    |
[INFO] [stdout] 31 |     fn poll(mut self: Pin<&mut Self>, _lw: &task::LocalWaker) -> Poll<Self::Output> {
[INFO] [stdout]    |                                                   ^^^^^^^^^^ not found in `task`
[INFO] [stdout] 
[INFO] [stdout] 
[INFO] [stdout] error: aborting due to 11 previous errors
[INFO] [stdout] 
[INFO] [stdout] 
[INFO] [stdout] Some errors have detailed explanations: E0412, E0432, E0557.
[INFO] [stdout] 
[INFO] [stdout] For more information about an error, try `rustc --explain E0412`.
[INFO] [stdout] 
[INFO] [stderr] error: could not compile `tokio-async-await`.
[INFO] [stderr] 
[INFO] [stderr] To learn more, run the command again with --verbose.
[INFO] [stderr] warning: build failed, waiting for other jobs to finish...
[INFO] [stderr] error: build failed
[INFO] running `Command { std: "docker" "inspect" "4c10be73ae1f8fd1f646e5b61c73d379b0bce2c049555a2078e868b166ff1d59", kill_on_drop: false }`
[INFO] running `Command { std: "docker" "rm" "-f" "4c10be73ae1f8fd1f646e5b61c73d379b0bce2c049555a2078e868b166ff1d59", kill_on_drop: false }`
[INFO] [stdout] 4c10be73ae1f8fd1f646e5b61c73d379b0bce2c049555a2078e868b166ff1d59
